What is the ten thousands digit of 19174?
1
What is the hundreds digit of 420?
4
What is the units digit of 508?
8
What is the tens digit of 38315?
1
What is the units digit of 8575?
5
What is the thousands digit of 7384?
7
What is the thousands digit of 103776?
3
What is the tens digit of 1947?
4
What is the tens digit of 2210?
1
What is the hundreds digit of 33574?
5
What is the units digit of 11378?
8
What is the tens digit of 5754?
5
What is the tens digit of 227?
2
What is the units digit of 1294?
4
What is the hundreds digit of 36885?
8
What is the units digit of 25086?
6
What is the tens digit of 6545?
4
What is the units digit of 434?
4
What is the tens digit of 1498?
9
What is the tens digit of 1765?
6
What is the thousands digit of 3395?
3
What is the thousands digit of 23745?
3
What is the units digit of 22080?
0
What is the thousands digit of 120557?
0
What is the thousands digit of 1982?
1
What is the tens digit of 13907?
0
What is the hundreds digit of 3824?
8
What is the thousands digit of 54404?
4
What is the ten thousands digit of 14033?
1
What is the tens digit of 19127?
2
What is the tens digit of 1331?
3
What is the ten thousands digit of 31052?
3
What is the hundreds digit of 132580?
5
What is the hundreds digit of 5109?
1
What is the units digit of 3536?
6
What is the units digit of 48590?
0
What is the ten thousands digit of 56337?
5
What is the hundreds digit of 105621?
6
What is the units digit of 3076?
6
What is the hundreds digit of 15374?
3
What is the ten thousands digit of 45183?
4
What is the hundreds digit of 150738?
7
What is the hundreds digit of 12939?
9
What is the units digit of 1892?
2
What is the tens digit of 9072?
7
What is the thousands digit of 1526?
1
What is the units digit of 20737?
7
What is the hundreds digit of 30652?
6
What is the hundreds digit of 27309?
3
What is the tens digit of 19294?
9
What is the tens digit of 4594?
9
What is the thousands digit of 59631?
9
What is the hundreds digit of 1970?
9
What is the hundreds digit of 967?
9
What is the thousands digit of 3648?
3
What is the hundreds digit of 3811?
8
What is the units digit of 3926?
6
What is the hundreds digit of 1058?
0
What is the tens digit of 65?
6
What is the hundreds digit of 10444?
4
What is the thousands digit of 69523?
9
What is the hundred thousands digit of 117032?
1
What is the tens digit of 6268?
6
What is the thousands digit of 1073?
1
What is the thousands digit of 4979?
4
What is the tens digit of 6474?
7
What is the ten thousands digit of 98750?
9
What is the tens digit of 237?
3
What is the hundreds digit of 3148?
1
What is the tens digit of 1732?
3
What is the tens digit of 336?
3
What is the units digit of 20899?
9
What is the units digit of 2512?
2
What is the ten thousands digit of 144604?
4
What is the ten thousands digit of 100392?
0
What is the thousands digit of 2148?
2
What is the thousands digit of 6352?
6
What is the units digit of 699?
9
What is the thousands digit of 5554?
5
What is the ten thousands digit of 85576?
8
What is the tens digit of 249?
4
What is the tens digit of 12239?
3
What is the tens digit of 25159?
5
What is the hundreds digit of 469?
4
What is the units digit of 191949?
9
What is the thousands digit of 4138?
4
What is the hundreds digit of 897?
8
What is the hundreds digit of 3361?
3
What is the units digit of 97?
7
What is the tens digit of 8897?
9
What is the hundreds digit of 13248?
2
What is the units digit of 756?
6
What is the hundreds digit of 111?
1
What is the units digit of 371?
1
What is the ten thousands digit of 150689?
5
What is the thousands digit of 4134?
4
What is the tens digit of 58?
5
What is the hundreds digit of 10640?
6
What is the tens digit of 21449?
4
What is the hundreds digit of 11996?
9
What is the tens digit of 2395?
9
What is the units digit of 365?
5
What is the tens digit of 1600?
0
What is the thousands digit of 3468?
3
What is the units digit of 5348?
8
What is the hundreds digit of 232?
2
What is the thousands digit of 74372?
4
What is the ten thousands digit of 144495?
4
What is the hundreds digit of 6706?
7
What is the hundreds digit of 84559?
5
What is the thousands digit of 3731?
3
What is the units digit of 8521?
1
What is the units digit of 1237?
7
What is the thousands digit of 1216?
1
What is the tens digit of 125?
2
What is the thousands digit of 108287?
8
What is the thousands digit of 36973?
6
What is the tens digit of 850?
5
What is the thousands digit of 3490?
3
What is the hundreds digit of 235?
2
What is the ten thousands digit of 10149?
1
What is the thousands digit of 2557?
2
What is the tens digit of 95638?
3
What is the hundreds digit of 6364?
3
What is the units digit of 2492?
2
What is the hundreds digit of 3183?
1
What is the units digit of 7475?
5
What is the thousands digit of 6732?
6
What is the units digit of 44337?
7
What is the hundreds digit of 410?
4
What is the hundreds digit of 10032?
0
What is the units digit of 4618?
8
What is the tens digit of 48721?
2
What is the hundreds digit of 1176?
1
What is the units digit of 3914?
4
What is the units digit of 4272?
2
What is the units digit of 391?
1
What is the thousands digit of 7957?
7
What is the units digit of 1014?
4
What is the thousands digit of 2039?
2
What is the hundreds digit of 18036?
0
What is the units digit of 1537?
7
What is the units digit of 2055?
5
What is the units digit of 81?
1
What is the tens digit of 26369?
6
What is the ten thousands digit of 17457?
1
What is the tens digit of 42498?
9
What is the thousands digit of 1039?
1
What is the units digit of 65?
5
What is the tens digit of 976?
7
What is the thousands digit of 24278?
4
What is the thousands digit of 1202?
1
What is the thousands digit of 39400?
9
What is the tens digit of 707?
0
What is the thousands digit of 1198?
1
What is the tens digit of 4683?
8
What is the tens digit of 498?
9
What is the thousands digit of 16415?
6
What is the units digit of 128547?
7
What is the tens digit of 3871?
7
What is the hundreds digit of 3013?
0
What is the hundreds digit of 2069?
0
What is the units digit of 43567?
7
What is the tens digit of 6452?
5
What is the units digit of 1270?
0
What is the units digit of 32232?
2
What is the units digit of 1683?
3
What is the thousands digit of 35365?
5
What is the units digit of 14067?
7
What is the units digit of 921?
1
What is the hundreds digit of 19655?
6
What is the tens digit of 945?
4
What is the thousands digit of 1033?
1
What is the hundreds digit of 1179?
1
What is the tens digit of 1880?
8
What is the thousands digit of 45313?
5
What is the thousands digit of 7545?
7
What is the tens digit of 9075?
7
What is the tens digit of 107822?
2
What is the tens digit of 5842?
4
What is the thousands digit of 1807?
1
What is the units digit of 430?
0
What is the tens digit of 2002?
0
What is the tens digit of 6878?
7
What is the thousands digit of 21228?
1
What is the hundreds digit of 7797?
7
What is the hundreds digit of 102?
1
What is the tens digit of 1790?
9
What is the units digit of 936?
6
What is the thousands digit of 10586?
0
What is the units digit of 11815?
5
What is the units digit of 3330?
0
What is the hundreds digit of 10532?
5
What is the tens digit of 19614?
1
What is the tens digit of 10360?
6
What is the thousands digit of 12037?
2
What is the thousands digit of 34579?
4
What is the tens digit of 61134?
3
What is the units digit of 832?
2
What is the units digit of 4297?
7
What is the ten thousands digit of 50116?
5
What is the hundreds digit of 11894?
8
What is the thousands digit of 23155?
3
What is the hundreds digit of 678?
6
What is the tens digit of 2843?
4
What is the hundreds digit of 650?
6
What is the thousands digit of 5948?
5
What is the ten thousands digit of 14583?
1
What is the tens digit of 55162?
6
What is the hundreds digit of 4508?
5
What is the thousands digit of 5541?
5
What is the units digit of 74425?
5
What is the units digit of 5495?
5
What is the units digit of 3362?
2
What is the hundreds digit of 25280?
2
What is the thousands digit of 29981?
9
What is the units digit of 8926?
6
What is the units digit of 12221?
1
What is the thousands digit of 3210?
3
What is the units digit of 208?
8
What is the units di